*d**2 + 205*d + 174. Give q(6).
0
Let z(g) = 48*g - 1020. What is z(19)?
-108
Let j(k) = -63*k**2 - 145*k. Give j(-3).
-132
Let s(t) = -t**3 + 5*t**2 + 15*t - 41. What is s(3)?
22
Let g(z) = -10*z + 358. What is g(27)?
88
Let t(b) = -b**2 - 14*b + 158. What is t(0)?
158
Let u(z) = 245*z - 15191. What is u(62)?
-1
Let a(v) = 2*v**3 - 54*v**2 - 66*v + 279. Determine a(28).
-1
Let p(x) = x**3 - 35*x**2 - 69*x - 187. Give p(37).
-2
Let b(z) = -1152*z - 20636. Determine b(-18).
100
Let f(p) = -510*p - 4059. Determine f(-8).
21
Let v(u) = u**3 - 109*u**2 + 109*u - 107. Calculate v(108).
1
Let x(l) = -14*l**3 + 45*l**2 + 237*l - 18. What is x(6)?
0
Let y(n) = -75*n + 562. Determine y(8).
-38
Let r(f) = -201*f - 11246. Give r(-56).
10
Let z(k) = 213*k - 643. What is z(3)?
-4
Let q(k) = -5296*k - 5316. Determine q(-1).
-20
Let z(u) = -1035*u - 30023. Calculate z(-29).
-8
Let l(b) = -1111*b + 11108. Determine l(10).
-2
Let p(m) = 5*m**2 + 89*m - 10. Give p(-21).
326
Let m(y) = y**3 + y**2 - 15*y + 9. What is m(-4)?
21
Let o(n) = 14*n**2 + 65*n - 111. What is o(-6)?
3
Let n(z) = -34*z + 264. Give n(7).
26
Let h(t) = -t**3 + 14*t**2 - 33*t - 75. Determine h(11).
-75
Let b(m) = 129*m + 3482. Give b(-27).
-1
Let w(m) = m**2 + 24*m - 145. What is w(-28)?
-33
Let g(w) = w**3 + 49*w**2 - 160*w - 34. Determine g(-52).
174
Let q(f) = 17*f**2 - 7*f + 9. Determine q(1).
19
Let f(z) = 2*z**2 + 25*z + 27. Calculate f(-11).
-6
Let v(x) = 71*x + 1974. Give v(-28).
-14
Let l(q) = 9*q**2 + 340*q - 16. What is l(-38)?
60
Let m(u) = u**3 + 12*u - 58. Calculate m(5).
127
Let f(x) = -10*x**2 - 102*x - 210. Give f(-3).
6
Let i(d) = 3*d**3 + 19*d**2 + 17*d + 83. Give i(-6).
17
Let i(o) = o**3 - 3*o**2 - 25*o + 32. Determine i(4).
-52
Let d(k) = -251*k + 261. Determine d(1).
10
Let q(u) = -2*u**2 + 145*u - 41. Give q(72).
31
Let t(h) = -3*h**2 - 149*h - 28. Give t(0).
-28
Let b(o) = -2*o**2 + 28*o - 85. What is b(7)?
13
Let h(b) = b**3 - 17*b**2 + 46*b + 69. Determine h(8).
-139
Let w(r) = 6*r + 51. Calculate w(-7).
9
Let j(g) = g**2 + 200*g + 7456. Determine j(-151).
57
Let j(o) = o**3 + 23*o**2 - 50*o + 9. Calculate j(-25).
9
Let r(i) = 1057*i + 21123. What is r(-20)?
-17
Let l(w) = -w**3 - 9*w**2 + 53*w + 15. Calculate l(-13).
2
Let q(z) = -9*z**3 + 174*z**2 - 359*z + 21. What is q(17)?
-13
Let c(b) = 43*b**3 - 2*b**2 + 21*b + 23. Calculate c(-1).
-43
Let j(p) = p**3 + 139*p**2 + 31*p + 4310. What is j(-139)?
1
Let z(d) = 56*d + 1294. Calculate z(-23).
6
Let v(w) = -1143*w + 4594. Calculate v(4).
22
Let f(g) = g**3 + 247*g**2 - 2828*g + 2575. Determine f(-258).
-5
Let r(m) = -7*m**3 + 128*m**2 - 28*m - 147. What is r(18)?
-3
Let u(c) = -127*c - 5341. Calculate u(-42).
-7
Let q(y) = 24*y + 91. What is q(-16)?
-293
Let f(n) = -n**2 + 48*n - 83. Give f(2).
9
Let v(i) = -i**2 - 65*i + 141. What is v(2)?
7
Let c(w) = -724*w - 3601. Give c(-5).
19
Let d(z) = z**3 + 22*z**2 - 275*z - 70. Determine d(-31).
-194
Let d(s) = -1288*s + 3852. What is d(3)?
-12
Let n(l) = -35*l + 98. Calculate n(2).
28
Let c(v) = 29*v**2 + 232*v - 10. Give c(-8).
-10
Let a(d) = -117*d - 15887. What is a(-136)?
25
Let w(z) = -7*z**2 + 35*z - 9. Give w(2).
33
Let n(f) = f**3 + 7*f**2 + 2*f - 12. Determine n(-7).
-26
Let z(l) = -15*l**3 - 6*l**2 + 7*l + 5. Determine z(2).
-125
Let s(l) = -4*l**2 - 42*l + 171. Give s(3).
9
Let p(g) = -4*g**3 - 752*g**2 + 61*g + 11469. Calculate p(-188).
1
Let a(y) = -2*y**2 - 8362*y - 331278. What is a(-40)?
2
Let f(v) = -v**3 + 37*v**2 - 102*v + 17. Calculate f(34).
17
Let n(i) = 68*i**2 - 125*i - 5. What is n(2)?
17
Let p(u) = -u**3 - 18*u**2 + 2152*u + 38742. Give p(-18).
6
Let a(p) = -3*p**3 + 5*p**2 + 6*p + 4. Calculate a(-2).
36
Let b(p) = -105*p + 5972. What is b(57)?
-13
Let o(t) = t**3 - 12*t**2 - 52*t + 109. Give o(15).
4
Let l(x) = -34*x**3 - 2*x**2 - 4*x + 36. Give l(2).
-252
Let n(o) = 21*o + 334. Calculate n(-19).
-65
Let k(t) = 13*t - 67. Determine k(4).
-15
Let q(s) = s**3 - 4*s**2 - 39*s + 113. Calculate q(6).
-49
Let b(q) = -q**2 + 19*q + 3. Determine b(19).
3
Let j(m) = m**2 - 18*m + 112. Give j(14).
56
Let v(f) = 748*f - 3773. What is v(5)?
-33
Let s(q) = -3*q - 59. Calculate s(-15).
-14
Let l(s) = -s**3 - 26*s**2 - 21*s + 93. Calculate l(-25).
-7
Let p(c) = -33069*c + 231478. Determine p(7).
-5
Let q(c) = -2*c**2 + 212*c + 314. Calculate q(107).
100
Let j(x) = -322*x**2 + 2888*x + 81. What is j(9)?
-9
Let f(u) = -5*u**2 + 48*u + 6289. Determine f(-31).
-4
Let t(h) = h**3 - 12*h**2 + 17*h - 2. What is t(2)?
-8
Let h(j) = -j**2 + 357*j - 4794. What is h(14)?
8
Let x(p) = 221*p - 73383. Give x(332).
-11
Let r(s) = 23257*s - 6. Give r(0).
-6
Let r(d) = d**3 + 97*d**2 + 285*d + 279. Calculate r(-94).
-3
Let t(w) = 31*w - 608. Determine t(20).
12
Let t(h) = 308*h - 12950. Determine t(42).
-14
Let q(i) = i**2 + 9*i - 6945. Calculate q(-88).
7
Let u(t) = -t**3 + t**2 - 8*t - 4. Give u(-5).
186
Let r(p) = 3*p**2 + 59*p + 258. Calculate r(-18).
168
Let l(w) = 11*w + 379. Give l(-30).
49
Let c(y) = y**3 - 18*y**2 + 91*y - 1134. Determine c(17).
124
Let s(n) = -324*n**3 - 3*n - 2. Determine s(-1).
325
Let f(u) = 150*u + 1035. Determine f(-8).
-165
Let w(l) = 32*l - 249. Give w(8).
7
Let w(p) = -10099*p - 70697. Determine w(-7).
-4
Let u(q) = -195*q - 9566. Calculate u(-49).
-11
Let k(r) = 528*r + 8915. Determine k(-17).
-61
Let n(h) = -138*h - 269. Determine n(-2).
7
Let o(k) = -4*k**2 + 116*k - 192. What is o(27)?
24
Let r(u) = 4*u**2 + 147*u - 503. Calculate r(-40).
17
Let j(h) = 433*h + 2596. Give j(-6).
-2
Let n(s) = -4*s**3 - s**2 - 8*s + 11. Determine n(2).
-41
Let h(c) = 50*c + 1734. Calculate h(-36).
-66
Let r(s) = 3*s**3 + 341*s**2 + 888*s - 3. What is r(-111)?
-3
Let y(z) = 1313*z - 6234. Calculate y(5).
331
Let x(t) = -t**3 - 2*t**2 - 5*t + 7. Determine x(0).
7
Let j(h) = -350*h - 12582. Determine j(-36).
18
Let s(a) = 6*a**2 + 652*a + 545. Determine s(-108).
113
Let i(f) = 77*f + 46. Determine i(-1).
-31
Let c(w) = 24*w + 81. Determine c(-4).
-15
Let r(o) = 321*o + 1577. Determine r(-5).
-28
Let o(l) = l**3 - 18*l**2 - 15*l + 121. Give o(18).
-149
Let b(w) = -w**3 - 30*w**2 - 31*w + 18. What is b(-29)?
76
Let b(v) = -v**2 + 90*v - 648. Calculate b(9).
81
Let a(f) = 10*f**2 - 657*f - 232. Calculate a(66).
-34
Let r(u) = 2*u**2 + 20*u - 540. What is r(-27)?
378
Let c(i) = -17*i**3 - 16*i**2 + 8*i. Determine c(0).
0
Let n(s) = 18366*s - 183662. What is n(10)?
-2
Let a(o) = 3*o**3 + 3*o**2 + 8*o - 23. Give a(3).
109
Let l(g) = -1057*g - 2098. Calculate l(-2).
16
Let y(u) = 4*u**2 - 866*u + 1741. What is y(2)?
25
Let o(v) = -1907*v - 15234. Determine o(-8).
22
Let o(i) = -i**3 - 19*i**2 - 48*i + 1. Calculate o(-16).
1
Let q(x) = -2*x**3 + 3*x**2 - 2*x + 2. What is q(2)?
-6
Let c(p) = p**2 - 112*p - 2783. Determine c(133).
10
Let c(n) = n**2 - 243*n - 2288. Calculate c(-9).
-20
Let b(j) = -2*j**2 + 17*j + 120. Calculate b(13).
3
Let c(x) = -x**3 + 27*x + 31. Calculate c(-5).
21
Let w(l) = -l**3 - 8*l**2 + l + 13. Give w(-9).
85
Let d(s) = s**3 - 26*s**2 - 37*s - 524. Give d(28).
8
Let s(o) = -22*o**3 + o**2 - o + 1. What is s(1)?
-21
Let v(a) = 116*a + 18. Give v(-1).
-98
Let u(w) = w**3 + 6*w**2 + w + 6. Determine u(-5).
26
Let o(y) = 140*y - 8217. Calculate o(59).
43
Let x(y) = 8*y**2 - 355*y + 110. Determine x(44).
-22
Let b(h) = 62*h**2 - 609*h - 125. What is b(10)?
-15
Let d(t) = 18*t + 182. Determine d(-9).
20
Let l(d) = -d**3 + 48*d**2 + d - 79. Calculate l(48).
-31
Let a(k) = 19*k**2 - 101*k + 417. What is a(4)?
317
Let x(g) = 55*g**2 + 241*g + 475. What is x(-2)?
213
Let c(m) = -m**2 + 1008*m + 1007. Give c(-1).
-2
Let d(b) = 47*b + 398. What is d(-26)?
-824
Let m(f) = 37602*f - 75196. Determine m(2).
8
Let s(q) = -5*q**2 + 44*q - 42. Calculate s(1).
-3
Let g(p) = p**3 + 16*p**2 - 26*p - 162. What is g(-17)?
-9
Let t(q) = 104*q + 161. What is t(-4)?
-255
Let f(l) = -14*l - 71. What is f(0)?
-71
Let p(b) = -b**2 + 109*b - 2393. Give p(79).
-23
Let u(a) = 7*a + 50. Determine u(-18).
-76
Let z(g) = 3*g**2 + 183*g + 2324. What is z(-18)?
2
Let q(l) = -l**3 - 24*l**2 - 43*l + 21. Give q(-22).
-1
Let z(y) = -y**3 + 33*y**2 - 266*y + 2. Determine z(19).
2
Let b(o) = -o**3 + 44*o**2 - 296*o - 670. Calculate b(35).
-5
Let d(y) = -y**3 + 5*y**2 + 16*y - 18